be d(-8). Suppose 2*p = -3*b + 1 + 50, -x*b - p + 33 = 0. Is b a prime number?
False
Let w(u) = 33*u + 2 + 3 - 5 + 1. Is w(6) prime?
True
Suppose 1 - 5 = -2*t. Let v be 1 + -1 - (-4 + t). Suppose -v*p + 19 = -87. Is p a composite number?
False
Let n = 8 + -3. Suppose 0 = -0*a + n*a - 2915. Is a composite?
True
Let p = -277 + 490. Is p a composite number?
True
Suppose 1 = -2*g + 103. Let d = g - 17. Is d composite?
True
Let l(o) be the first derivative of 13*o**5/10 + o**4/12 + o**3/6 + o**2 - 1. Let n(b) be the second derivative of l(b). Is n(-1) prime?
False
Let q(p) = -p + 8. Let o be q(13). Let w = -1 + o. Is 2/((-3)/(81/w)) composite?
True
Let d(i) = -i**3 + i**2 + 21. Let h be d(0). Suppose -3*p + h - 6 = 0. Suppose -4*a = y - 18 - 247, 186 = 3*a + p*y. Is a a composite number?
False
Let p(v) = 372*v**2 + 6*v - 5. Is p(1) prime?
True
Let n(b) = 2*b - 2. Let u be n(4). Let h(p) = 3*p**2 - 5*p + 1. Is h(u) a prime number?
True
Let d(o) = -o**3 + 7*o**2 + 2*o - 8. Let s = 4 - 4. Suppose w = -i - i + 15, -w + 4*i - 9 = s. Is d(w) composite?
True
Suppose j + 4*j = -3*r + 17289, 2 = -r. Is j composite?
True
Is 3/((-3)/4)*874/(-76) composite?
True
Let b(f) be the second derivative of 17*f**3/6 + 3*f**2 + 3*f. Is b(3) a prime number?
False
Suppose -30*u + 29*u = -653. Is u a composite number?
False
Suppose 2*j - 19 = 19. Is j prime?
True
Let b be 30/(-7)*(0 + -7). Is 1584/b - 2/(-10) a composite number?
False
Suppose -3*o - 591 = 2*k + 3*k, 5*k - 2*o + 581 = 0. Let q = -58 - k. Is q a prime number?
True
Let k(j) = -j**3 - 18*j**2 - 9*j + 7. Is k(-18) a composite number?
True
Let i(c) = -c**2 - 7*c + 8. Let w be i(-8). Suppose w = 5*d - m - 745, 5*m - 2*m = -d + 149. Is d a composite number?
False
Let h(u) = u + 0 + 0. Let k be (22/3)/((-4)/(-6)). Is h(k) prime?
True
Let l(a) = 40 + 104 - 2 + a. Let g be l(0). Suppose 0*p - g = -2*p. Is p prime?
True
Let x = 477 - -22. Is x prime?
True
Let x = 17 - 27. Let t(m) = -m**3 - 9*m**2 + 10*m + 2. Let u be t(x). Suppose s = -u*s + 66. Is s a composite number?
True
Let m be 0 + (2 - -1) + -3. Let v(c) = -c**3 + m*c - 14*c + 5 - 2*c + 0*c**3 - 13*c**2. Is v(-12) composite?
False
Let v = 11 + -3. Is 346/v + 6/(-24) composite?
False
Is (-1774)/(-14) - 18/(-63) a prime number?
True
Suppose 5*y = -r + 4, 4*y - 4*r - 5 = 3. Is 35*(4/10)/y a composite number?
True
Suppose 4*d = 4*v + v + 20, 25 = v + 5*d. Suppose -3*b + v*b = -381. Is b composite?
False
Suppose -2*p - 3*z = 9, -1 = p - 3*p - z. Let y = p + -1. Suppose a = 4*t - 213, 0 = t - 2*a - y*a - 57. Is t prime?
True
Let r(j) = j**2 + 23*j + 29. Is r(20) a prime number?
False
Let n = 133 + -94. Is n - 0 - (-2)/(-2) a composite number?
True
Suppose -s - 3*s + 1840 = 0. Let q = -237 + s. Is q a prime number?
True
Suppose -4*i = -3*i - 135. Let u = i - -33. Let f = u - 115. Is f a prime number?
True
Let b(s) = -s**3 + 5*s**2 + 2*s + 4. Let y be b(4). Suppose 7 - y = -3*w. Is w a composite number?
False
Let g = 6 - 2. Suppose -r - 78 = -g*r. Is r composite?
True
Suppose -5*d - 2*q - 4 = 0, d - 3*q + 7*q + 8 = 0. Let t = d - 2. Is ((-52)/t)/(2 - 1) a prime number?
False
Let q = -102 - 375. Let p = q - -710. Is p a prime number?
True
Let k = -4 + 6. Let a = -15 + 15. Suppose -k*q = -a*q - 14. Is q prime?
True
Suppose -2*s - 3*s = -655. Let o = -88 + s. Is o a prime number?
True
Suppose -l + 1707 = 4*q, 4*q - l = 3*q + 433. Suppose q + 200 = 4*m. Is m a composite number?
False
Suppose 2*o + 0 = -2. Let t be o - -36 - 1 - -3. Suppose 4*r - 23 = 4*b + t, 0 = 2*r - 3*b - 26. Is r a prime number?
True
Let j = -5 + 7. Suppose -j*n = -5*n + 93. Is n prime?
True
Let g(k) = 148*k + 7. Let b(q) = q**2 - 11*q + 13. Let h be b(10). Is g(h) prime?
False
Let b = 4 + -3. Is 1*(158 + 3/b) a composite number?
True
Let h = -4 - 60. Let v = h - -91. Let j = 50 - v. Is j prime?
True
Let b(r) = -12*r - 2. Let d be b(-1). Is ((-822)/d)/((-5)/25) a prime number?
False
Suppose -5*m + q + 959 = 0, 0*m + 5*m = 3*q + 957. Suppose y + d = -0*y + m, 4*y = -d + 771. Suppose -82 = -5*c + y. Is c composite?
True
Let x(y) = y**2 + 7*y + 5. Let s be x(-7). Suppose s*h - h = 172. Is h a composite number?
False
Let i(m) = 6*m**2 + m + 2. Let o be i(2). Suppose -h = o - 143. Is h composite?
True
Suppose 315 = o + 4*p, -o - p - 100 + 409 = 0. Is o a prime number?
True
Suppose s = 12 + 171. Let p = s + -61. Is p a prime number?
False
Is 1179/15 + (-2)/(-5) composite?
False
Suppose 2*i + 0 = -2*w + 1474, 0 = 4*i - w - 2928. Is i a composite number?
False
Let u = -4695 - -6862. Is u a composite number?
True
Let h(x) = -47*x + 108. Is h(-25) a composite number?
False
Is (-2759 + -8 + 6)/((-1)/1) prime?
False
Let x = 1 - -2. Let g(p) = -2 + 1 - 7 - x*p. Is g(-7) prime?
True
Let a = -13 + 15. Suppose a*b - 639 = -b. Is b prime?
False
Is -3 - (384/(-5))/(2/10) a prime number?
False
Suppose -4*r - r - 2*w = -5, 5*r + w = 0. Is r*(-2 + -1 + -176) prime?
True
Let q(g) = g + 6. Let y be q(-7). Let h(n) = -113*n**3 + n**2 + n. Is h(y) composite?
False
Suppose x + 12 = 5*x. Suppose -x*o + 0*o = -195. Is o a prime number?
False
Is (-298)/3*21/(-14) a composite number?
False
Let v(d) = -2*d**3 - d - 1. Let i be v(-1). Is (-1)/i + (-7)/(-2) prime?
True
Let m = 278 - 181. Is m composite?
False
Suppose -336 = -x + 3*k, 5*x - k + 875 = 2569. Is x composite?
True
Is (64 - 15/5) + 4 a prime number?
False
Suppose 1210 = -s + 4563. Is s prime?
False
Let m = 52 - 39. Is m a prime number?
True
Let d = 6 - 6. Suppose d*t - 3*t = -4*q + 20, q - 4*t = 5. Suppose 3*l - 421 = -q*r, 202 = 2*r + 4*l + 28. Is r composite?
False
Let y(w) = w**3 - w - 34. Let h = -7 + 7. Let k be y(h). Is (-9)/6*-2 - k prime?
True
Suppose 2*j - 41 = -11. Is j composite?
True
Suppose 2*t - 15 = 5*q, -3*t - 2 + 13 = 4*q. Suppose 55 = 3*s - 5*n, s - 7*n = -2*n + t. Is s composite?
True
Suppose 3*n + 11726 = 4*r, 2*r - 4*r - 4*n = -5874. Is r a prime number?
False
Is -502*2/8*-2 a composite number?
False
Let z = 43 - 17. Suppose 4*h = 3*k - 13, h + 2*h = -2*k - 31. Let y = h + z. Is y composite?
False
Suppose 15 - 45 = c. Let q = 112 + c. Is q prime?
False
Let w(x) = 6*x**2 + x - 3. Is w(-4) composite?
False
Let v(o) = 2*o - 4. Let z be v(0). Let l(a) = 3*a + 6. Let c be l(z). Is 8/c*165/(-10) a composite number?
True
Let n(g) = g - 5. Let i be n(9). Suppose 0 = 2*c + i*h + h - 94, -h + 41 = c. Is c prime?
True
Let j(i) = -7*i + 353. Is j(0) prime?
True
Let j(m) = -12*m**2 + 2*m + 1. Let p be j(2). Let w be 31/(-2)*(5 + -9). Let v = w + p. Is v prime?
True
Suppose -5*v = -0 - 5. Let u be (3 - 1) + v + 0. Suppose 39 + 36 = u*l. Is l prime?
False
Let k(s) = -207*s + 2. Let h(b) = 104*b - 1. Let x(f) = -11*h(f) - 6*k(f). Is x(3) composite?
False
Let z = -7 - -11. Suppose 4*h - 764 = -z*y, -y - 51 = -h + 140. Is h a prime number?
True
Let y = -77 + 256. Is y a prime number?
True
Suppose 3998 = 4*x - 246. Is x a composite number?
False
Let x be ((-6)/(-4))/(15/20). Suppose 0 = x*s - m + 12 - 45, -m - 18 = -s. Is s prime?
False
Let u(h) = 422*h**2 - h + 3. Is u(-2) composite?
False
Let l(m) = -26*m - 7. Let n = 11 + -17. Is l(n) a prime number?
True
Suppose 2*g + 300 = 6*g. Suppose 0 = -5*x + 145 + g. Suppose 4*y - 4*c - 364 = 0, 135 = 2*y - 3*c - x. Is y a composite number?
True
Let a(n) = 2*n + 0 + 3 + 5. Let m be a(8). Suppose -5*t + 139 = m. Is t prime?
True
Let y = -7374 - -14611. Is y a composite number?
False
Let j be (0/(-2))/(2 + -5). Suppose 4*v + 4*u - 20 = j, 4 + 2 = 2*v + u. Let n(d) = 77*d**2 - d + 1. Is n(v) composite?
True
Let m(c) = -c + 132. Let k be m(0). Let p = k + -61. Is p a prime number?
True
Let g(v) = v**3 + 7*v**2 - 2*v - 8. Let a be g(-7). Let x be ((-21)/a - -3)*2. Is -1 + -1 - (-80 + x) a composite number?
False
Let h = 108 - -52. Let y = 278 - h. Is y composite?
True
Suppose -g - 2*g = k - 69, -2*k = 3*g - 144. Let o(y) = 10*y**2 + y. Let d be o(-2). Let p = k - d. Is p prime?
True
Suppose -4 = -u - 1. Suppose 4*f - u*t = -f + 191, 3*f + 3*t - 105 = 0. Is f prime?
True
Let c(z) = -z**3 + 6*z**2 - z - 7. Let f be c(5). Let s = 33 + f. Is s composite?
True
Suppose -2*a + 3*d = -6*a + 2623, a + 4*d - 659 = 0. Is a a prime number?
False
Let j = -180 - -902. Let f = 1405 - j. Is f a prime number?
True
Suppose -3*k = 2*k - 1335. Is